{"id":632,"date":"2011-04-28T15:31:47","date_gmt":"2011-04-28T14:31:47","guid":{"rendered":"http:\/\/www.aroundthewoorld.fr\/?page_id=632"},"modified":"2011-09-24T14:18:27","modified_gmt":"2011-09-24T13:18:27","slug":"cartomancie","status":"publish","type":"page","link":"https:\/\/www.aroundthewoorld.fr\/?page_id=632","title":{"rendered":"Cartomancie"},"content":{"rendered":"<p><!-- Link and image removed by Remove First Image Plugin --><br \/>\n\u00c0 la demande g\u00e9n\u00e9rale d&rsquo;Alex, voici ce qu&rsquo;on a pu faire de mieux en termes de carte \u00ab\u00a0interactive\u00a0\u00bb du p\u00e9riple.<\/p>\n<p><strong>Le trajet en Asie :<\/strong><br \/>\n<iframe loading=\"lazy\" width=\"600\" height=\"620\" frameborder=\"0\" scrolling=\"no\" marginheight=\"0\" marginwidth=\"0\" src=\"http:\/\/maps.google.fr\/maps\/ms?msa=0&amp;ie=UTF8&amp;t=m&amp;vpsrc=6&amp;msid=200438704383034786870.0004abcbfcb96f9caf671&amp;ll=-0.35156,119.003906&amp;spn=95.507122,105.46875&amp;z=3&amp;output=embed\"><\/iframe><br \/><small>View <a href=\"http:\/\/maps.google.fr\/maps\/ms?msa=0&amp;ie=UTF8&amp;t=m&amp;vpsrc=6&amp;msid=200438704383034786870.0004abcbfcb96f9caf671&amp;ll=-0.35156,119.003906&amp;spn=95.507122,105.46875&amp;z=3&amp;source=embed\" style=\"color:#0000FF;text-align:left\">Asie<\/a> in a larger map<\/small><\/p>\n<p><strong>Le trajet en Am\u00e9rique du Nord :<\/strong><br \/>\n<iframe loading=\"lazy\" width=\"800\" height=\"420\" frameborder=\"0\" scrolling=\"no\" marginheight=\"0\" marginwidth=\"0\" src=\"http:\/\/maps.google.ca\/maps\/ms?msa=0&amp;msid=200438704383034786870.0004a795257fe6210a345&amp;ie=UTF8&amp;t=h&amp;ll=44.402392,-94.394531&amp;spn=26.356683,70.400391&amp;z=4&amp;output=embed\"><\/iframe><br \/><small>Afficher <a href=\"http:\/\/maps.google.ca\/maps\/ms?msa=0&amp;msid=200438704383034786870.0004a795257fe6210a345&amp;ie=UTF8&amp;t=h&amp;ll=44.402392,-94.394531&amp;spn=26.356683,70.400391&amp;z=4&amp;source=embed\" style=\"color:#0000FF;text-align:left\">Am\u00e9rique du Nord<\/a> sur une carte plus grande<\/small><\/p>\n<p><strong>Le trajet en Am\u00e9rique du Sud :<\/strong><br \/>\n<iframe loading=\"lazy\" width=\"600\" height=\"650\" frameborder=\"0\" scrolling=\"no\" marginheight=\"0\" marginwidth=\"0\" src=\"http:\/\/maps.google.fr\/maps\/ms?hl=fr&amp;ie=UTF8&amp;t=h&amp;msa=0&amp;msid=200438704383034786870.0004a0b0afeda1933d731&amp;ll=-11.953349,-64.160156&amp;spn=53.878464,52.734375&amp;z=4&amp;output=embed\"><\/iframe><br \/><small>Afficher <a href=\"http:\/\/maps.google.fr\/maps\/ms?hl=fr&amp;ie=UTF8&amp;t=h&amp;msa=0&amp;msid=200438704383034786870.0004a0b0afeda1933d731&amp;ll=-11.953349,-64.160156&amp;spn=53.878464,52.734375&amp;z=4&amp;source=embed\" style=\"color:#0000FF;text-align:left\">Am\u00e9rique du Sud<\/a> sur une carte plus grande<\/small><\/p>\n<p><strong>Le trajet dans les Antilles, \u00e0 bord du Rara Avis :<\/strong><br \/>\n<iframe loading=\"lazy\" width=\"500\" height=\"400\" frameborder=\"0\" scrolling=\"no\" marginheight=\"0\" marginwidth=\"0\" src=\"http:\/\/maps.google.com\/maps\/ms?ie=UTF8&amp;hl=fr&amp;msa=0&amp;msid=200438704383034786870.0004a0aea36a2a3577c75&amp;t=h&amp;ll=16.210506,-62.185364&amp;spn=3.411033,2.202759&amp;output=embed\"><\/iframe><br \/><small>Afficher <a href=\"http:\/\/maps.google.com\/maps\/ms?ie=UTF8&amp;hl=fr&amp;msa=0&amp;msid=200438704383034786870.0004a0aea36a2a3577c75&amp;t=h&amp;ll=16.210506,-62.185364&amp;spn=3.411033,2.202759&amp;source=embed\" style=\"color:#0000FF;text-align:left\">Antilles<\/a> sur une carte plus grande<\/small><\/p>\n","protected":false},"excerpt":{"rendered":"\n\u00c0 la demande g\u00e9n\u00e9rale d&rsquo;Alex, voici ce qu&rsquo;on a pu faire de mieux en termes de carte \u00ab\u00a0interactive\u00a0\u00bb du p\u00e9riple.\nLe trajet en Asie :\nView Asie &hellip;","protected":false},"author":1,"featured_media":0,"parent":0,"menu_order":1,"comment_status":"open","ping_status":"open","template":"","meta":{"_links_to":"","_links_to_target":""},"_links":{"self":[{"href":"https:\/\/www.aroundthewoorld.fr\/index.php?rest_route=\/wp\/v2\/pages\/632"}],"collection":[{"href":"https:\/\/www.aroundthewoorld.fr\/index.php?rest_route=\/wp\/v2\/pages"}],"about":[{"href":"https:\/\/www.aroundthewoorld.fr\/index.php?rest_route=\/wp\/v2\/types\/page"}],"author":[{"embeddable":true,"href":"https:\/\/www.aroundthewoorld.fr\/index.php?rest_route=\/wp\/v2\/users\/1"}],"replies":[{"embeddable":true,"href":"https:\/\/www.aroundthewoorld.fr\/index.php?rest_route=%2Fwp%2Fv2%2Fcomments&post=632"}],"version-history":[{"count":73,"href":"https:\/\/www.aroundthewoorld.fr\/index.php?rest_route=\/wp\/v2\/pages\/632\/revisions"}],"predecessor-version":[{"id":1990,"href":"https:\/\/www.aroundthewoorld.fr\/index.php?rest_route=\/wp\/v2\/pages\/632\/revisions\/1990"}],"wp:attachment":[{"href":"https:\/\/www.aroundthewoorld.fr\/index.php?rest_route=%2Fwp%2Fv2%2Fmedia&parent=632"}],"curies":[{"name":"wp","href":"https:\/\/api.w.org\/{rel}","templated":true}]}}